{"id":478,"date":"2023-08-13T09:23:53","date_gmt":"2023-08-13T07:23:53","guid":{"rendered":"https:\/\/thcpkaufen.de\/?post_type=product&#038;p=478"},"modified":"2023-08-14T19:10:58","modified_gmt":"2023-08-14T17:10:58","slug":"moonrocks","status":"publish","type":"product","link":"https:\/\/thcpkaufen.de\/index.php\/product\/moonrocks\/","title":{"rendered":"Moonrocks"},"content":{"rendered":"<h2>THC-P Hash Moonrocks: Eine himmlische Reise des Geschmacks und der Gelassenheit<\/h2>\n<p>Machen Sie eine Reise durch den Kosmos mit den THC-P Hash Moonrocks von thcpkaufen.de. Jeder Kr\u00fcmel dieser Moonrocks ist ein Schritt in die interstellare Entspannung und bringt eine die Schwerkraft \u00fcberwindende Erfahrung sowohl f\u00fcr den Anf\u00e4nger als auch f\u00fcr den erfahrenen Enthusiasten hervor.<\/p>\n<p><strong>Stellar Sensations<\/strong> &#8211; Echoes of the Cosmos Der erste Hauch unserer Moonrocks offenbart ein Aroma, das jenseitig ist. Sein Duft, der Geschichten von Mondlandschaften und Sternenstaubspuren erz\u00e4hlt, ist ein komplizierter Tanz aus irdischem Reichtum und \u00e4therischer Zartheit. Am Gaumen schwingen Aromen mit, die die stille Sch\u00f6nheit einer Mondnacht widerspiegeln, verwoben mit den vibrierenden Geheimnissen der Galaxien dahinter.<\/p>\n<p><strong>Gravity of Calm<\/strong> &#8211; Abtauchen in die galaktische Gelassenheit Die Kraft von THC-P Hash Moonrocks liegt in seiner unvergleichlichen F\u00e4higkeit, Sie in bisher unbekannte Tiefen der Entspannung zu ziehen. Wie die Anziehungskraft des Mondes auf die Gezeiten, zieht es Spannungen weg und hinterl\u00e4sst ein Meer von Frieden und Introspektion.<\/p>\n<p><strong>Akribische Meisterschaft<\/strong> &#8211; Das Handwerk der himmlischen Sch\u00f6pfung Jedes K\u00f6rnchen unserer Moonrocks ist ein Zeugnis unseres Engagements f\u00fcr Qualit\u00e4t und Exzellenz. Unsere THC-P Hash Moonrocks werden unter Bedingungen angebaut, die die Reinheit des Weltraums imitieren, und mit \u00e4u\u00dferster Pr\u00e4zision kuratiert, was eine best\u00e4ndige und fesselnde Erfahrung verspricht.<\/p>\n<p>Wagen Sie sich \u00fcber die irdischen Gefilde hinaus und verlieren Sie sich in der astralen Umarmung unserer THC-P Hash Moonrocks. Lassen Sie sich von ihnen auf eine himmlische Reise f\u00fchren, bei der Frieden das Ziel ist und jeder Moment in den silbernen Schein der Ruhe getaucht ist. Erlebe das Universum in Deiner Hand mit THC-P Hash Moonrocks.<\/p>\n","protected":false},"excerpt":{"rendered":"<ul>\n<li>THC Gehalt: 0,2%<\/li>\n<li>THC-P Gehalt: 80%<\/li>\n<li>CBD Gehalt: 25%<\/li>\n<\/ul>\n","protected":false},"featured_media":486,"comment_status":"open","ping_status":"closed","template":"","meta":[],"product_cat":[15,19],"product_tag":[],"_links":{"self":[{"href":"https:\/\/thcpkaufen.de\/index.php\/wp-json\/wp\/v2\/product\/478"}],"collection":[{"href":"https:\/\/thcpkaufen.de\/index.php\/wp-json\/wp\/v2\/product"}],"about":[{"href":"https:\/\/thcpkaufen.de\/index.php\/wp-json\/wp\/v2\/types\/product"}],"replies":[{"embeddable":true,"href":"https:\/\/thcpkaufen.de\/index.php\/wp-json\/wp\/v2\/comments?post=478"}],"wp:featuredmedia":[{"embeddable":true,"href":"https:\/\/thcpkaufen.de\/index.php\/wp-json\/wp\/v2\/media\/486"}],"wp:attachment":[{"href":"https:\/\/thcpkaufen.de\/index.php\/wp-json\/wp\/v2\/media?parent=478"}],"wp:term":[{"taxonomy":"product_cat","embeddable":true,"href":"https:\/\/thcpkaufen.de\/index.php\/wp-json\/wp\/v2\/product_cat?post=478"},{"taxonomy":"product_tag","embeddable":true,"href":"https:\/\/thcpkaufen.de\/index.php\/wp-json\/wp\/v2\/product_tag?post=478"}],"curies":[{"name":"wp","href":"https:\/\/api.w.org\/{rel}","templated":true}]}}